?
True
Is 157 a factor of 57933?
True
Is 87660 a multiple of 15?
True
Does 8 divide 101992?
True
Is 1692392 a multiple of 55?
False
Does 216 divide 771533?
False
Is 18 a factor of 14520952?
False
Is 74022 a multiple of 168?
False
Is 23175 a multiple of 18?
False
Is 9 a factor of 5587766?
False
Does 101 divide 263534?
False
Is 59745 a multiple of 123?
False
Is 132 a factor of 1550740?
False
Does 8 divide 346144?
True
Does 163 divide 102224?
False
Does 138 divide 9208123?
False
Does 13 divide 1460641?
True
Is 5 a factor of 16060?
True
Is 2962533 a multiple of 282?
False
Is 130638 a multiple of 62?
False
Is 881450 a multiple of 61?
True
Is 6220668 a multiple of 49?
False
Is 74 a factor of 2294?
True
Is 3690924 a multiple of 29?
False
Does 5 divide 34595?
True
Is 1159 a factor of 5602330?
False
Is 120 a factor of 542280?
True
Is 21 a factor of 1107639?
False
Does 54 divide 21168?
True
Does 161 divide 4837745?
False
Is 1952020 a multiple of 73?
True
Does 68 divide 70415?
False
Does 329 divide 3977748?
False
Is 90 a factor of 316890?
True
Does 219 divide 207989?
False
Is 1395487 a multiple of 627?
False
Does 40 divide 446084?
False
Is 1436034 a multiple of 331?
False
Does 9 divide 30960?
True
Is 748226 a multiple of 61?
True
Is 71 a factor of 25773?
True
Is 15 a factor of 4127355?
True
Is 17 a factor of 599709?
True
Does 10 divide 267910?
True
Is 34774 a multiple of 2?
True
Does 1212 divide 15280896?
True
Is 24 a factor of 654408?
True
Does 2 divide 154908?
True
Is 49 a factor of 29253?
True
Does 565 divide 10760491?
False
Does 63 divide 1286897?
False
Does 29 divide 2981467?
False
Does 261 divide 192103?
False
Does 140 divide 946540?
True
Is 14564 a multiple of 246?
False
Is 160972 a multiple of 5?
False
Is 13 a factor of 65435?
False
Is 519110 a multiple of 230?
True
Is 22095197 a multiple of 174?
False
Is 2713290 a multiple of 1490?
True
Does 33 divide 96228?
True
Is 232 a factor of 180279?
False
Is 18327904 a multiple of 17?
True
Is 190 a factor of 1308323?
False
Does 26 divide 1368822?
True
Is 9331 a multiple of 21?
False
Does 75 divide 2277225?
True
Does 25 divide 4978417?
False
Does 197 divide 14765544?
True
Is 277 a factor of 37672?
True
Does 64 divide 168192?
True
Is 39 a factor of 1047267?
True
Does 3 divide 136567?
False
Is 758474 a multiple of 23?
False
Does 96 divide 249504?
True
Is 11 a factor of 182303?
True
Is 12 a factor of 756432?
True
Does 140 divide 24917?
False
Is 13171966 a multiple of 484?
False
Does 16 divide 3008284?
False
Is 193 a factor of 727224?
True
Does 12 divide 800904?
True
Is 186 a factor of 2860703?
False
Is 780 a factor of 11295180?
True
Is 2 a factor of 146295?
False
Is 50 a factor of 272383?
False
Does 57 divide 7949277?
True
Does 91 divide 131950?
True
Is 4325895 a multiple of 155?
True
Is 1604960 a multiple of 140?
True
Is 49 a factor of 15907456?
False
Does 3 divide 719574?
True
Is 5976211 a multiple of 17?
False
Is 109 a factor of 155761?
True
Is 157164 a multiple of 28?
True
Does 13 divide 223951?
True
Is 1734684 a multiple of 579?
True
Does 28 divide 1239117?
False
Is 123858 a multiple of 21?
True
Is 11660132 a multiple of 22?
True
Does 1677 divide 1856767?
False
Is 240 a factor of 4542451?
False
Is 49 a factor of 1537729?
False
Is 250 a factor of 400250?
True
Is 33945 a multiple of 10?
False
Does 442 divide 3089312?
False
Is 20531 a multiple of 15?
False
Is 1090251 a multiple of 8?
False
Is 780 a factor of 8525400?
True
Is 7 a factor of 9311748?
False
Is 35505 a multiple of 15?
True
Is 929472 a multiple of 6?
True
Does 32 divide 4555294?
False
Does 3 divide 5008647?
True
Does 173 divide 1419638?
True
Does 29 divide 1761?
False
Is 339600 a multiple of 200?
True
Is 66 a factor of 194829?
False
Does 2 divide 890120?
True
Is 908952 a multiple of 121?
True
Is 76311 a multiple of 268?
False
Is 5829831 a multiple of 21?
True
Is 438900 a multiple of 420?
True
Does 1682 divide 1889805?
False
Is 1245712 a multiple of 13?
True
Is 59 a factor of 181720?
True
Is 1424 a multiple of 13?
False
Does 7 divide 462769?
False
Is 36990 a multiple of 15?
True
Is 6 a factor of 218916?
True
Does 34 divide 70074?
True
Is 2228328 a multiple of 18?
True
Is 98 a factor of 170520?
True
Is 56888 a multiple of 104?
True
Is 15942161 a multiple of 617?
False
Is 55 a factor of 1306580?
True
Is 10713 a multiple of 20?
False
Is 84825 a multiple of 5?
True
Does 92 divide 154468?
True
Does 37 divide 756241?
False
Is 13 a factor of 95836?
True
Does 5 divide 14900?
True
Is 109028 a multiple of 38?
False
Does 76 divide 228684?
True
Is 592 a factor of 264624?
True
Is 8041140 a multiple of 30?
True
Does 23 divide 96508?
True
Does 203 divide 1783795?
False
Is 278501 even?
False
Is 115 a factor of 5175?
True
Is 1750154 a multiple of 839?
True
Does 27 divide 326457?
True
Is 534669 a multiple of 5?
False
Is 13035932 a multiple of 413?
True
Does 152 divide 1031863?
False
Is 52149 a multiple of 12?
False
Does 174 divide 12975006?
True
Is 35 a factor of 147385?
True
Does 133 divide 2979333?
True
Is 453 a factor of 2438046?
True
Does 140 divide 497833?
False
Is 43 a factor of 4000578?
False
Is 12068640 a multiple of 51?
True
Does 6 divide 76086?
True
Does 36 divide 218988?
True
Does 13 divide 1546127?
False
Does 40 divide 16189320?
True
Does 407 divide 1319972?
False
Does 26 divide 148244?
False
Is 125255 a multiple of 64?
False
Does 29 divide 239975?
True
Is 1403016 a multiple of 8?
True
Is 3611060 a multiple of 318?
False
Does 71 divide 41936?
False
Is 34820 a multiple of 12?
False
Is 170599 a multiple of 143?
True
Does 371 divide 134230?
False
Is 146 a factor of 483106?
False
Does 1176 divide 1686384?
True
Does 12 divide 105225?
False
Does 11 divide 223873?
False
Does 2454 divide 14746086?
True
Is 193516 a multiple of 58?
False
Is 756391 a multiple of 11?
False
Is 656775 a multiple of 35?
True
Does 21 divide 259325?
False
Does 38 divide 796460?
False
Is 594 a factor of 11337573?
False
Does 6 divide 74328?
True
Is 38 a factor of 101840?
True
Is 213 a factor of 36210?
True
Is 1131850 even?
True
Is 22312815 a multiple of 365?
True
Does 6 divide 25814?
False
Does 939 divide 875541?
False
Is 1295 a factor of 9977975?
True
Is 294639 a multiple of 16?
False
Is 829374 a multiple of 186?
True
Is 563 a factor of 369891?
True
Is 51 a factor of 8469383?
False
Is 8 a factor of 1536?
True
Does 91 divide 150150?
True
Is 559 a factor of 5027646?
True
Does 96 divide 44224?
False
Does 177 divide 724461?
True
Is 29 a factor of 3126890?
False
Does 92 divide 28060?
True
Is 2925077 even?
False
Does 2 divide 25564?
True
Is 154 a factor of 11428?
False
Is 33311 a multiple of 45?
False
Does 42 divide 34557?
False
Is 2714534 a multiple of 19?
False
Is 594484 a multiple of 337?
False
Is 169 a factor of 52860?
False
Is 1013648 a multiple of 8?
True
Is 369 a factor of 28782?
True
Is 108 a factor of 961392?
False
Does 59 divide 3624547?
True
Is 7 a factor of 171591?
True
Is 10968395 a multiple of 295?
True
Is 3730964 a multiple of 140?
False
Does 48 divide 5712528?
True
Is 462076 a multiple of 349?
True
Is 395 a factor of 1775531?
False
Does 1099 divide 3786819?
False
Is 1305 a factor of 11459110?
False
Does 7 divide 33509?
True
Is 129 a factor of 7461747?
True
Is 3 a factor of 115677?
True
Is 13 a factor of 33195?
False
Is 7 a factor of 86571?
False
Does 5 divide 755020?
True
Is 927422 a multiple of 7?
False
Is 1640806 a multiple of 1048?
False
Is 435 a factor of 6684210?
True
Is 160 a factor of 1401920?
True
Is 359 a factor of 194822?
False
Is 480043 a multiple of 290?
False
Is 14 a factor of 112756?
True
Is 657 a factor of 8043651?
True
Does 2 divide 96779?
False
Is 214704 a multiple of 6?
True
Does 25 divide 1394725?
True
Is 27 a factor of 36558?
True
Is 598842 a multiple of 618?
True
Does 15 divide 3162480?
True
Is 126 a factor of 3412962?
True
Does 668 divide 1805604?
True
Is 131456 a multiple of 13?
True
Does 105 divide 473770?
False
Does 39 divide 26325?
True
Does 43 divide 47773?
True
Is 124506 a multiple of 30?
False
Is 26 a factor of 2710526?
True
Does 67 divide 105793?
True
Is 287203 a multiple of 89?
True
Is 272256 a multiple of 24?
True
Is 4463667 a multiple of 157?
True
Is 96060 a multiple of 130?
False
Is 50 a factor of 243262?
False
Is 1499040 a multiple of 135